er when 1366 is divided by 45.
16
Calculate the remainder when 665 is divided by 24.
17
What is the remainder when 536 is divided by 36?
32
What is the remainder when 80 is divided by 14?
10
Calculate the remainder when 525 is divided by 33.
30
Calculate the remainder when 348 is divided by 343.
5
Calculate the remainder when 643 is divided by 14.
13
Calculate the remainder when 492 is divided by 120.
12
Calculate the remainder when 698 is divided by 70.
68
Calculate the remainder when 232 is divided by 191.
41
Calculate the remainder when 2385 is divided by 126.
117
What is the remainder when 354 is divided by 5?
4
Calculate the remainder when 5021 is divided by 32.
29
What is the remainder when 404 is divided by 8?
4
What is the remainder when 1139 is divided by 55?
39
Calculate the remainder when 1510 is divided by 12.
10
What is the remainder when 11006 is divided by 68?
58
Calculate the remainder when 227 is divided by 58.
53
Calculate the remainder when 4056 is divided by 69.
54
What is the remainder when 900 is divided by 103?
76
What is the remainder when 40 is divided by 11?
7
What is the remainder when 160 is divided by 54?
52
What is the remainder when 255 is divided by 61?
11
Calculate the remainder when 286 is divided by 29.
25
Calculate the remainder when 60 is divided by 31.
29
What is the remainder when 83 is divided by 15?
8
Calculate the remainder when 4 is divided by 1.
0
What is the remainder when 21940 is divided by 106?
104
What is the remainder when 1954 is divided by 12?
10
Calculate the remainder when 1220 is divided by 26.
24
What is the remainder when 82 is divided by 39?
4
What is the remainder when 896 is divided by 250?
146
What is the remainder when 1398 is divided by 26?
20
Calculate the remainder when 3032 is divided by 22.
18
Calculate the remainder when 471 is divided by 94.
1
Calculate the remainder when 285 is divided by 78.
51
Calculate the remainder when 95 is divided by 11.
7
Calculate the remainder when 722 is divided by 125.
97
Calculate the remainder when 407 is divided by 25.
7
Calculate the remainder when 287 is divided by 78.
53
What is the remainder when 139 is divided by 51?
37
What is the remainder when 26 is divided by 10?
6
What is the remainder when 1712 is divided by 22?
18
What is the remainder when 140 is divided by 10?
0
Calculate the remainder when 1022 is divided by 41.
38
Calculate the remainder when 5189 is divided by 29.
27
Calculate the remainder when 167 is divided by 10.
7
Calculate the remainder when 1759 is divided by 351.
4
Calculate the remainder when 16738 is divided by 9.
7
Calculate the remainder when 3234 is divided by 405.
399
What is the remainder when 478 is divided by 47?
8
What is the remainder when 323 is divided by 168?
155
What is the remainder when 8265 is divided by 106?
103
What is the remainder when 468 is divided by 138?
54
Calculate the remainder when 163 is divided by 7.
2
What is the remainder when 16 is divided by 12?
4
What is the remainder when 9599 is divided by 30?
29
What is the remainder when 413 is divided by 140?
133
What is the remainder when 17149 is divided by 16?
13
What is the remainder when 171 is divided by 60?
51
Calculate the remainder when 1150 is divided by 48.
46
What is the remainder when 1973 is divided by 52?
49
What is the remainder when 1076 is divided by 535?
6
Calculate the remainder when 391 is divided by 14.
13
Calculate the remainder when 16009 is divided by 102.
97
Calculate the remainder when 6 is divided by 3.
0
What is the remainder when 943 is divided by 182?
33
Calculate the remainder when 1546 is divided by 43.
41
Calculate the remainder when 276 is divided by 118.
40
Calculate the remainder when 26 is divided by 8.
2
Calculate the remainder when 469 is divided by 11.
7
What is the remainder when 44 is divided by 10?
4
Calculate the remainder when 860 is divided by 13.
2
Calculate the remainder when 845 is divided by 316.
213
What is the remainder when 1676 is divided by 211?
199
Calculate the remainder when 343 is divided by 36.
19
What is the remainder when 102 is divided by 26?
24
What is the remainder when 76 is divided by 1?
0
Calculate the remainder when 94 is divided by 12.
10
What is the remainder when 2031 is divided by 350?
281
Calculate the remainder when 103 is divided by 7.
5
What is the remainder when 117 is divided by 34?
15
What is the remainder when 11069 is divided by 16?
13
Calculate the remainder when 1578 is divided by 36.
30
Calculate the remainder when 200 is divided by 67.
66
Calculate the remainder when 1706 is divided by 30.
26
What is the remainder when 402 is divided by 87?
54
Calculate the remainder when 1421 is divided by 19.
15
Calculate the remainder when 15 is divided by 13.
2
What is the remainder when 103 is divided by 2?
1
Calculate the remainder when 113 is divided by 29.
26
What is the remainder when 1417 is divided by 67?
10
Calculate the remainder when 3333 is divided by 1111.
0
What is the remainder when 6190 is divided by 3?
1
What is the remainder when 228 is divided by 21?
18
What is the remainder when 233 is divided by 6?
5
What is the remainder when 498 is divided by 251?
247
Calculate the remainder when 118 is divided by 21.
13
What is the remainder when 6960 is divided by 3?
0
What is the remainder when 273 is divided by 57?
45
What is the remainder when 3143 is divided by 260?
23
What is the remainder when 180 is divided by 108?
72
What is the remainder when 1273 is divided by 423?
4
What is the remainder when 1560 is divided by 27?
21
What is the remainder when 1086 is divided by 385?
316
What is the remainder when 143 is divided by 45?
8
What is the remainder when 54 is divided by 22?
10
What is the remainder when 87 is divided by 42?
3
Calculate the remainder when 208 is divided by 57.
37
What is the remainder when 41 is divided by 35?
6
What is the remainder when 40 is divided by 5?
0
Calculate the remainder when 381 is divided by 127.
0
Calculate the remainder when 164 is divided by 76.
12
What is the remainder when 79 is divided by 42?
37
Calculate the remainder when 86 is divided by 63.
23
Calculate the remainder when 3956 is divided by 1.
0
What is the remainder when 1186 is divided by 19?
8
What is the remainder when 202 is divided by 7?
6
What is the remainder when 41 is divided by 17?
7
What is the remainder when 19 is divided by 17?
2
Calculate the remainder when 48 is divided by 14.
6
Calculate the remainder when 645 is divided by 172.
129
Calculate the remainder when 103 is divided by 34.
1
Calculate the remainder when 4786 is divided by 76.
74
What is the remainder when 310 is divided by 54?
40
Calculate the remainder when 366 is divided by 127.
112
Calculate the remainder when 235 is divided by 13.
1
Calculate the remainder when 204 is divided by 93.
18
Calculate the remainder when 96 is divided by 92.
4
Calculate the remainder when 20337 is divided by 43.
41
Calculate the remainder when 2220 is divided by 278.
274
Calculate the remainder when 18791 is divided by 29.
28
What is the remainder when 224 is divided by 121?
103
What is the remainder when 306 is divided by 57?
21
What is the remainder when 797 is divided by 38?
37
Calculate the remainder when 9 is divided by 5.
4
Calculate the remainder when 1378 is divided by 237.
193
What is the remainder when 806 is divided by 27?
23
What is the remainder when 99 is divided by 56?
43
Calculate the remainder when 3977 is divided by 199.
196
Calculate the remainder when 90 is divided by 22.
2
What is the remainder when 432 is divided by 31?
29
What is the remainder when 223 is divided by 25?
23
What is the remainder when 355 is divided by 153?
49
Calculate the remainder when 1247 is divided by 124.
7
What is the remainder when 25737 is divided by 20?
17
Calculate the remainder when 5543 is divided by 11.
10
Calculate the remainder when 131 is divided by 69.
62
What is the remainder when 13429 is divided by 37?
35
Calculate the remainder when 16291 is divided by 27.
10
Calculate the remainder when 57 is divided by 17.
6
Calculate the remainder when 604 is divided by 14.
2
What is the remainder when 2666 is divided by 39?
14
Calculate the remainder when 1150 is divided by 147.
121
Calculate the remainder whe